+ 7*d**2 + 5*d - 3. What is the units digit of f(j)?
3
Let t = 39 - 87. Let w = -26 - t. What is the tens digit of w?
2
Let n = -36 + 51. What is the units digit of n?
5
Suppose 2*t = -26 - 2. Let d = -8 - t. What is the units digit of (-9)/d*(-1 + -1)?
3
Let c = -11 + 16. Let h(a) = a**3 - 5*a**2 + 4. What is the units digit of h(c)?
4
Let r = -1 + 4. Suppose -m - r*a + 10 = -2*a, -a = -2*m + 14. What is the units digit of (-2)/(6/m - 1)?
8
What is the tens digit of (-5 - 2856/(-10)) + (-2)/(-5)?
8
Suppose 13*c = 11*c + 702. What is the tens digit of c?
5
Suppose 3*r + 6 + 7 = 2*a, -a = 4*r - 1. Let l(o) = 2*o**2 - 4*o + 1. What is the units digit of l(a)?
1
Let v be (-11 - -13) + (-1 - -3). Let u = 0 - -2. What is the units digit of ((-2)/(-4))/(u/v)?
1
Let s(m) = -4*m**2 - 4*m - 5. Let u(r) = -r**2 + r + 1. Let q(x) = -s(x) + 3*u(x). Let w(l) = l**2 + l - 6. Let c be w(0). What is the units digit of q(c)?
2
Let n(v) = v**2 - 2*v - 7. Let r be n(-5). Suppose 3*z = -z + r. What is the units digit of z?
7
Let o = 199 + -108. What is the tens digit of o?
9
Suppose -c + 5*j + 12 = 0, 0 = 2*c - 4*c - 3*j - 2. Suppose 5*t + 50 = -4*g, 3*t - 13 = t + 5*g. What is the units digit of 8/3 - c/t?
3
Let d(i) = -i**2 + 9*i. Let l be d(10). Let g be l/(3/6*-1). Suppose 0*o - 2*o = -g. What is the units digit of o?
0
Let z be 2/(-4)*-10 + -3. Suppose -v - q = z + 3, v + 4*q - 1 = 0. Let f = -5 - v. What is the units digit of f?
2
Let n be 6*(-5)/((-30)/4). Let w = n + 1. What is the units digit of w?
5
Let v(c) = c**3 - 10*c**2 + 8*c + 4. Let l be v(9). Let r = -3 - l. Suppose 0 = -4*b + r*n + 32, -4*b + 4*n + 21 = -7. What is the units digit of b?
9
Let i(a) be the third derivative of a**6/120 + a**5/10 - a**4/24 + 5*a**3/6 + 2*a**2. What is the units digit of i(-6)?
1
Let r(k) = 3*k**3 + k**2 + 2*k - 7. What is the units digit of r(2)?
5
Let l = 8 - 35. What is the units digit of (l/(-12) + -2)*52?
3
Let s be 4/10 + (-66)/15. Let d = s - -5. What is the units digit of d?
1
What is the tens digit of 2/(-3) + 226/6?
3
Suppose 4*i - 3 = 9. Suppose 0 = 2*o - 7*o + 30. Let s = o - i. What is the units digit of s?
3
Let y(l) = -l**2 - 8*l - 7. Let m be 20/4*(-6)/5. What is the units digit of y(m)?
5
Let g = -21 + 35. Let h be -9*(2 + -2 + -1). Let j = g - h. What is the units digit of j?
5
Let p be 3/6*(-2)/(-1). Suppose -q + 2 = p. What is the units digit of q?
1
Suppose 0 = 2*y + 1 + 3. Let s be (-1)/y*(4 + -4). What is the units digit of 0 + 0 + s - -1?
1
Suppose -24*p + 3216 = -8*p. What is the tens digit of p?
0
Let l = 49 + -31. What is the tens digit of l?
1
Suppose f - 3*f + 10 = 0. Suppose -5*i + 150 = f*x, -49 = -2*i + 5*x + 25. What is the tens digit of i?
3
Let g = -4 - -4. Let x be (-1 + g - -7) + 1. Suppose -8 = -x*p + 3*p - d, 5*p - 10 = -4*d. What is the units digit of p?
2
Suppose -j - 3*p - 36 = 0, -4*j - 4*p - 144 = -p. Let k = 72 + j. What is the tens digit of k?
3
Let a be 1/2*2 + 4. Suppose -2*y - 123 = -a*y. What is the tens digit of y?
4
Let f(d) = d**3 - 6*d**2 + 3*d + 2. Let u(q) = 2*q**3 - 12*q**2 + 7*q + 3. Let i(c) = -5*f(c) + 2*u(c). What is the units digit of i(5)?
6
Suppose -5*x + i + 286 = 0, -5*i = x - i - 53. What is the tens digit of x?
5
Let x(i) = i**3 - 9*i**2 + 12*i - 27. What is the units digit of x(11)?
7
Let t be 4/14 - (-1005)/35. Let o = t + -13. What is the tens digit of o?
1
Let a(p) = -3*p**2 + 6*p - 4. Let f(m) = -7*m**2 + 13*m - 7. Let z(n) = -5*a(n) + 2*f(n). What is the tens digit of z(5)?
1
Suppose 3*k - 60 = -3*q - 2*k, 3*k + 51 = 4*q. What is the tens digit of q?
1
Let k = -9 - -13. What is the units digit of k?
4
Let a be 2/5 + 6/(-15). Suppose a = -5*d - 0*d. Suppose 0 = -d*p - 5*p + 4*j + 23, 0 = -p - 4*j + 19. What is the units digit of p?
7
Suppose i + 5*z = 27, -5*i + 4*z - 15 = -z. Let b(y) = 1 + i*y + y**2 + 0*y**2 - y - 2*y**3. What is the units digit of b(-1)?
3
Suppose -3*o - 3 = -d - 0*o, d = -4*o + 17. What is the units digit of d?
9
Let r(z) = -34*z - 5. What is the tens digit of r(-2)?
6
Let s be -2 - (-4 - 6/(-3)). Suppose s = y + 6 - 29. Suppose -4*q + 33 = -4*z - y, -5*z - 25 = 0. What is the units digit of q?
9
Let s = -25 - -43. Suppose h - s = -h. What is the units digit of h?
9
Let r be (4 - 2) + (-12)/(-4). Suppose r = 5*b, 3*c - 5*c = -4*b - 52. What is the units digit of c?
8
Let f(g) = -g**3 - 11*g**2 - g + 3. Suppose 5*k = -9 - 46. What is the units digit of f(k)?
4
Let h(c) be the second derivative of -c**4/12 + 3*c**3/2 - 3*c**2 - 2*c. Let x be -2*2/(-1)*2. What is the units digit of h(x)?
2
Let s(f) = -4*f - 1. Let z be s(-1). Let d(j) = 2*j**2 - 6*j + 1. Let n be d(4). What is the tens digit of 111/n + 2/z?
1
Suppose z - 4*d - 151 = 0, -3*z + 5*z = -4*d + 290. Suppose 0 = 2*b + 49 - z. What is the units digit of b?
9
Suppose 5*k = 2*i + 218, -3*k = -2*i + 3*i - 133. Suppose n + k = 3*n. What is the tens digit of n?
2
Let p(n) = n + 2. What is the units digit of p(5)?
7
Suppose -638 = -2*p - 124. What is the tens digit of p?
5
Let a = -11 + 13. What is the units digit of a*(-14)/(-4)*1?
7
Suppose 0*f - 4*f + 84 = 4*d, 3*f - 4*d = 77. Let g = f + -18. What is the units digit of g?
5
Let k be 4*-4*2/(-4). Suppose 0 = 2*f - 6*f - k. What is the units digit of (-9)/(-2)*(-4)/f?
9
Suppose h + 2 = -0*h + r, -h - 2*r - 11 = 0. Let t = 10 + h. What is the units digit of t?
5
Let q(f) = f**2 + 2*f + 2. Let s be q(-2). Suppose 3*r + 7 = h, 6*h = s*h + r + 83. What is the tens digit of h?
2
Let s(l) = 2*l - 3. Let o(h) = 5*h - 6. Let r(g) = -6*o(g) + 14*s(g). Let n be (1 - 3)/(-2) - 7. What is the units digit of r(n)?
6
Suppose -3*k = -5*l - 3, -2 = 4*k + 5*l - 6. What is the tens digit of (1 - 2)/(k/(-11))?
1
Let c = 10 + -6. Let a be (-6)/c*2/(-3). Let x(u) = 8*u. What is the units digit of x(a)?
8
Suppose 3*i - 40 = -i - 4*u, 5*u - 20 = i. Suppose -110 = -2*p + 4*b, -b + 278 = i*p + 47. What is the tens digit of p?
4
Let g(c) be the third derivative of -c**6/120 + c**5/60 - c**4/24 + 5*c**3/3 - 2*c**2. Let o be 1/(-4) - (-4)/16. What is the tens digit of g(o)?
1
Suppose -2*p - 2*p - r - 9 = 0, 0 = -3*p - 3*r. What is the units digit of (-1)/(-3)*(36 + p)?
1
Let g(s) = -s + 11. What is the tens digit of g(-10)?
2
Let r(j) = 3*j**2 - 2*j - 13. What is the units digit of r(-5)?
2
Let j be (-2)/(-4)*4 + 0. Suppose -k = -x - 8 - 3, 2*k + j*x - 2 = 0. Suppose -k*q = a - 3*q - 19, -4*q + 22 = a. What is the tens digit of a?
1
Let m = 3 - 0. Suppose -f - m*d + 7 + 1 = 0, 0 = f - 3*d + 4. Suppose p = -2*t - t + 8, -f*p = -10. What is the units digit of t?
1
Let u be (-2)/(5/((-45)/6)). Suppose -l - 27 = -5*v, u*v + 5 + 10 = -2*l. What is the units digit of 2/6 - 8/l?
1
Suppose 5*t - 14 - 6 = 0. Suppose -3*c - 44 = -3*n + 1, -t*c = -2*n + 38. What is the units digit of n?
1
Suppose 0 = 4*t - 540 - 136. What is the units digit of t?
9
Suppose -4*n - 26 - 12 = 2*a, -2*n = -3*a - 57. Let q = -32 + a. What is the units digit of (-3)/15 + q/(-5)?
0
Let o(a) = -a**3 + 4*a**2 + 5*a + 7. Let q(r) = -r**3 + 5*r**2 - 2*r - 3. Let f be q(4). What is the units digit of o(f)?
7
Let p = -92 + 60. Let s = p - -59. What is the tens digit of s?
2
Suppose -o + 4*o = -3. Let q be 3/((-7)/2 - -2). What is the tens digit of (8 - q) + 0/o?
1
Let h(t) = t**3 - 4*t**2 - 5*t. Let g be h(5). Let k(b) = -b + 2. Let j be k(g). Suppose 4*o + j = 22. What is the units digit of o?
5
Let v be (-26)/(-6) + (-4)/12. Suppose 0 = -v*d - 34 + 126. What is the units digit of d?
3
Let t be ((-6)/9)/((-2)/6). Suppose t*n = n + 13. What is the tens digit of n?
1
Let j(o) = -o**3 + 2*o**2 + 2*o + 3. Let n be j(3). Suppose u + 3*u - 8 = n. Suppose 0 = -u*b - 10, -2*t + 2*b = -38. What is the tens digit of t?
1
Let i(l) = 103*l**3 - l**2 - 2*l + 3. What is the hundreds digit of i(1)?
1
Suppose 2*c - 181 = -3*d, c + 0*c - 4*d - 85 = 0. What is the tens digit of c?
8
Let u(i) = -i - 5. Let o(n) = 4. Let s(a) = 5*o(a) + 4*u(a). Let w be s(-1). What is the units digit of (w/(-8))/((-2)/8)?
2
Let z(b) = 2*b**2 - 3*b + 8. What is the units digit of z(6)?
2
Let v(z) be the third derivative of z**4/12 - z**3 - 2*z**2. Let s be (32/(-12))/(4/(-6)). What is the units digit of v(s)?
2
What is the units digit of 1/(-3) + (-68)/(-6)?
1
Let v(z) 